{"id":1438,"date":"2020-11-01T13:26:59","date_gmt":"2020-11-01T16:26:59","guid":{"rendered":"https:\/\/www.centrocapta.cl\/?page_id=1438"},"modified":"2021-01-20T12:34:06","modified_gmt":"2021-01-20T15:34:06","slug":"test","status":"publish","type":"page","link":"https:\/\/www.centrocapta.cl\/?page_id=1438","title":{"rendered":"Papers"},"content":{"rendered":"\t\t<div data-elementor-type=\"wp-page\" data-elementor-id=\"1438\" class=\"elementor elementor-1438\">\n\t\t\t\t\t\t<section class=\"elementor-section elementor-top-section elementor-element elementor-element-1f48862 elementor-section-boxed elementor-section-height-default elementor-section-height-default\" data-id=\"1f48862\" data-element_type=\"section\" data-e-type=\"section\">\n\t\t\t\t\t\t<div class=\"elementor-container elementor-column-gap-default\">\n\t\t\t\t\t<div class=\"elementor-column elementor-col-100 elementor-top-column elementor-element elementor-element-f58db18\" data-id=\"f58db18\" data-element_type=\"column\" data-e-type=\"column\">\n\t\t\t<div class=\"elementor-widget-wrap elementor-element-populated\">\n\t\t\t\t\t\t<div class=\"elementor-element elementor-element-bb5f61d elementor-tabs-view-vertical elementor-widget elementor-widget-tabs\" data-id=\"bb5f61d\" data-element_type=\"widget\" data-e-type=\"widget\" data-widget_type=\"tabs.default\">\n\t\t\t\t<div class=\"elementor-widget-container\">\n\t\t\t\t\t\t\t<div class=\"elementor-tabs\">\n\t\t\t<div class=\"elementor-tabs-wrapper\" role=\"tablist\" >\n\t\t\t\t\t\t\t\t\t<div id=\"elementor-tab-title-1961\" class=\"elementor-tab-title elementor-tab-desktop-title\" aria-selected=\"true\" data-tab=\"1\" role=\"tab\" tabindex=\"0\" aria-controls=\"elementor-tab-content-1961\" aria-expanded=\"false\">2020<\/div>\n\t\t\t\t\t\t\t<\/div>\n\t\t\t<div class=\"elementor-tabs-content-wrapper\" role=\"tablist\" aria-orientation=\"vertical\">\n\t\t\t\t\t\t\t\t\t<div class=\"elementor-tab-title elementor-tab-mobile-title\" aria-selected=\"true\" data-tab=\"1\" role=\"tab\" tabindex=\"0\" aria-controls=\"elementor-tab-content-1961\" aria-expanded=\"false\">2020<\/div>\n\t\t\t\t\t<div id=\"elementor-tab-content-1961\" class=\"elementor-tab-content elementor-clearfix\" data-tab=\"1\" role=\"tabpanel\" aria-labelledby=\"elementor-tab-title-1961\" tabindex=\"0\" hidden=\"false\"><table role=\"grid\">\n<thead>\n<tr role=\"row\">\n<th colspan=\"1\" rowspan=\"1\"><\/th>\n<th colspan=\"1\" rowspan=\"1\">T\u00cdTULO<\/th>\n<th colspan=\"1\" rowspan=\"1\">AUTOR(ES)<\/th>\n<th colspan=\"1\" rowspan=\"1\">PUBLICACI\u00d3N<\/th>\n<\/tr>\n<\/thead>\n<tbody>\n<tr role=\"row\">\n<td>1<\/td>\n<td>Physiological and metabolic responses to hypersalinity reveal T interpopulation tolerance in the green macroalga Ulva compressa with\u00a0different pollution histories.<\/td>\n<td>Pamela T. Mu\u00f1oz, Fernanda Rodr\u00edguez-Rojas, Paula S.M. Celis-Pl\u00e1, Lorena M\u00e9ndez, Denise Pinto, Diego Pardo, Fabiola Moenne, Jos\u00e9 Luis S\u00e1nchez-Lizaso,\u2028 Claudio A. S\u00e1ez.<\/td>\n<td><a href=\"https:\/\/www.centrocapta.cl\/wp-content\/uploads\/2020\/11\/Munoz-et-al-2020.pdf\"><i class=\"fas fa-file-pdf\"><\/i> PDF<\/a><\/td>\n<\/tr>\n<\/tbody>\n<\/table><\/div>\n\t\t\t\t\t\t\t<\/div>\n\t\t<\/div>\n\t\t\t\t\t\t<\/div>\n\t\t\t\t<\/div>\n\t\t\t\t<div class=\"elementor-element elementor-element-ccf3fe7 elementor-tabs-view-vertical elementor-widget elementor-widget-tabs\" data-id=\"ccf3fe7\" data-element_type=\"widget\" data-e-type=\"widget\" data-widget_type=\"tabs.default\">\n\t\t\t\t<div class=\"elementor-widget-container\">\n\t\t\t\t\t\t\t<div class=\"elementor-tabs\">\n\t\t\t<div class=\"elementor-tabs-wrapper\" role=\"tablist\" >\n\t\t\t\t\t\t\t\t\t<div id=\"elementor-tab-title-2141\" class=\"elementor-tab-title elementor-tab-desktop-title\" aria-selected=\"true\" data-tab=\"1\" role=\"tab\" tabindex=\"0\" aria-controls=\"elementor-tab-content-2141\" aria-expanded=\"false\">2020<\/div>\n\t\t\t\t\t\t\t<\/div>\n\t\t\t<div class=\"elementor-tabs-content-wrapper\" role=\"tablist\" aria-orientation=\"vertical\">\n\t\t\t\t\t\t\t\t\t<div class=\"elementor-tab-title elementor-tab-mobile-title\" aria-selected=\"true\" data-tab=\"1\" role=\"tab\" tabindex=\"0\" aria-controls=\"elementor-tab-content-2141\" aria-expanded=\"false\">2020<\/div>\n\t\t\t\t\t<div id=\"elementor-tab-content-2141\" class=\"elementor-tab-content elementor-clearfix\" data-tab=\"1\" role=\"tabpanel\" aria-labelledby=\"elementor-tab-title-2141\" tabindex=\"0\" hidden=\"false\"><table role=\"grid\"><thead><tr role=\"row\"><th colspan=\"1\" rowspan=\"1\">\u00a0<\/th><th colspan=\"1\" rowspan=\"1\">T\u00cdTULO<\/th><th colspan=\"1\" rowspan=\"1\">AUTOR(ES)<\/th><th colspan=\"1\" rowspan=\"1\">PUBLICACI\u00d3N<\/th><\/tr><\/thead><tbody><tr role=\"row\"><td>1<\/td><td><div class=\"page\" title=\"Page 1\"><div class=\"layoutArea\"><div class=\"column\"><p>Report: Connectivity of fractures and groundwater flows analyses into the Western Andean Front by means of a topological approach (Aconcagua Basin, Central Chile).<\/p><\/div><\/div><\/div><\/td><td><p>Mat\u00edas Taucare; Beno\u00eet Viguier; Linda Daniele; Gert Heuser: Gloria Arancibia y V\u00e9ronique Leonardi.<\/p><\/td><td><i class=\"fas fa-file-pdf\"><\/i> <a href=\"https:\/\/www.centrocapta.cl\/wp-content\/uploads\/2021\/01\/Taucare2020_Article_ConnectivityOfFracturesAndGrou-1.pdf\" target=\"_blank\" rel=\"noopener\">PDF<\/a><\/td><\/tr><\/tbody><\/table><\/div>\n\t\t\t\t\t\t\t<\/div>\n\t\t<\/div>\n\t\t\t\t\t\t<\/div>\n\t\t\t\t<\/div>\n\t\t\t\t\t<\/div>\n\t\t<\/div>\n\t\t\t\t\t<\/div>\n\t\t<\/section>\n\t\t\t\t<\/div>\n\t\t","protected":false},"excerpt":{"rendered":"<p>2020 2020 T\u00cdTULO AUTOR(ES) PUBLICACI\u00d3N 1 Physiological and metabolic responses to hypersalinity reveal T interpopulation tolerance in the green macroalga Ulva compressa with\u00a0different pollution histories. Pamela T. Mu\u00f1oz, Fernanda Rodr\u00edguez-Rojas, Paula S.M. Celis-Pl\u00e1, Lorena M\u00e9ndez, Denise Pinto, Diego Pardo, Fabiola Moenne, Jos\u00e9 Luis S\u00e1nchez-Lizaso,\u2028 Claudio A. S\u00e1ez. PDF 2020 2020 \u00a0 T\u00cdTULO AUTOR(ES) PUBLICACI\u00d3N 1 [&hellip;]<\/p>\n","protected":false},"author":1,"featured_media":0,"parent":0,"menu_order":0,"comment_status":"closed","ping_status":"closed","template":"","meta":{"footnotes":""},"class_list":["post-1438","page","type-page","status-publish","hentry"],"_links":{"self":[{"href":"https:\/\/www.centrocapta.cl\/index.php?rest_route=\/wp\/v2\/pages\/1438","targetHints":{"allow":["GET"]}}],"collection":[{"href":"https:\/\/www.centrocapta.cl\/index.php?rest_route=\/wp\/v2\/pages"}],"about":[{"href":"https:\/\/www.centrocapta.cl\/index.php?rest_route=\/wp\/v2\/types\/page"}],"author":[{"embeddable":true,"href":"https:\/\/www.centrocapta.cl\/index.php?rest_route=\/wp\/v2\/users\/1"}],"replies":[{"embeddable":true,"href":"https:\/\/www.centrocapta.cl\/index.php?rest_route=%2Fwp%2Fv2%2Fcomments&post=1438"}],"version-history":[{"count":31,"href":"https:\/\/www.centrocapta.cl\/index.php?rest_route=\/wp\/v2\/pages\/1438\/revisions"}],"predecessor-version":[{"id":1845,"href":"https:\/\/www.centrocapta.cl\/index.php?rest_route=\/wp\/v2\/pages\/1438\/revisions\/1845"}],"wp:attachment":[{"href":"https:\/\/www.centrocapta.cl\/index.php?rest_route=%2Fwp%2Fv2%2Fmedia&parent=1438"}],"curies":[{"name":"wp","href":"https:\/\/api.w.org\/{rel}","templated":true}]}}